{"id":2,"date":"2021-08-29T02:55:43","date_gmt":"2021-08-29T02:55:43","guid":{"rendered":"http:\/\/ateneapapeleria.com\/?page_id=2"},"modified":"2025-07-07T02:47:12","modified_gmt":"2025-07-07T02:47:12","slug":"pagina-ejemplo","status":"publish","type":"page","link":"https:\/\/ateneapapeleria.com\/index.php\/pagina-ejemplo\/","title":{"rendered":"TOTTO"},"content":{"rendered":"\n<figure class=\"wp-block-image size-large\"><img data-recalc-dims=\"1\" loading=\"lazy\" decoding=\"async\" width=\"800\" height=\"334\" src=\"https:\/\/i0.wp.com\/ateneapapeleria.com\/wp-content\/uploads\/2025\/07\/TOTTO_GINEBRA__N.jpg?resize=800%2C334&#038;ssl=1\" alt=\"\" class=\"wp-image-3355\" srcset=\"https:\/\/i0.wp.com\/ateneapapeleria.com\/wp-content\/uploads\/2025\/07\/TOTTO_GINEBRA__N.jpg?resize=1024%2C427&amp;ssl=1 1024w, https:\/\/i0.wp.com\/ateneapapeleria.com\/wp-content\/uploads\/2025\/07\/TOTTO_GINEBRA__N.jpg?resize=300%2C125&amp;ssl=1 300w, https:\/\/i0.wp.com\/ateneapapeleria.com\/wp-content\/uploads\/2025\/07\/TOTTO_GINEBRA__N.jpg?resize=768%2C320&amp;ssl=1 768w, https:\/\/i0.wp.com\/ateneapapeleria.com\/wp-content\/uploads\/2025\/07\/TOTTO_GINEBRA__N.jpg?resize=1536%2C640&amp;ssl=1 1536w, https:\/\/i0.wp.com\/ateneapapeleria.com\/wp-content\/uploads\/2025\/07\/TOTTO_GINEBRA__N.jpg?w=1920&amp;ssl=1 1920w, https:\/\/i0.wp.com\/ateneapapeleria.com\/wp-content\/uploads\/2025\/07\/TOTTO_GINEBRA__N.jpg?w=1600&amp;ssl=1 1600w\" sizes=\"auto, (max-width: 800px) 100vw, 800px\" \/><\/figure>\n\n\n\n<p>ATENEA PAPELER\u00cdA es el distribuidor autorizado de la marac TOTTO para Ginebra Valle.<\/p>\n\n\n\n<p>En nuestra sede principal encuentras un completo surtido de morrales, multiusos, canguros, cartucheras, gorras, billeteras y accesorios Totto originales, con precio oficial de la marca y con todas las garant\u00edas que s\u00f3lo Totto te ofrece. <\/p>\n\n\n\n<blockquote class=\"wp-block-quote is-layout-flow wp-block-quote-is-layout-flow\">\n<p>Cuando compras un Totto en Atenea Papeler\u00eda tienes la tranquilidad de llevar un producto original, de alta calidad, al precio establecido por la marca a nivel nacional y con garant\u00eda.<\/p>\n\n\n\n<p>Si deseas conocer los productos Totto que tenemos para ti, vis\u00edtanos en Ginebra, en nuestra sede principal, Cra. 3 con Calle 8, o escr\u00edbenos por WhatsApp 319 460 7004 y solicita una cotizaci\u00f3n. <\/p>\n\n\n\n<figure class=\"wp-block-image size-large\"><img data-recalc-dims=\"1\" loading=\"lazy\" decoding=\"async\" width=\"800\" height=\"334\" src=\"https:\/\/i0.wp.com\/ateneapapeleria.com\/wp-content\/uploads\/2025\/07\/TOTTO_GINEBRA__model.jpg?resize=800%2C334&#038;ssl=1\" alt=\"\" class=\"wp-image-3357\" srcset=\"https:\/\/i0.wp.com\/ateneapapeleria.com\/wp-content\/uploads\/2025\/07\/TOTTO_GINEBRA__model.jpg?resize=1024%2C427&amp;ssl=1 1024w, https:\/\/i0.wp.com\/ateneapapeleria.com\/wp-content\/uploads\/2025\/07\/TOTTO_GINEBRA__model.jpg?resize=300%2C125&amp;ssl=1 300w, https:\/\/i0.wp.com\/ateneapapeleria.com\/wp-content\/uploads\/2025\/07\/TOTTO_GINEBRA__model.jpg?resize=768%2C320&amp;ssl=1 768w, https:\/\/i0.wp.com\/ateneapapeleria.com\/wp-content\/uploads\/2025\/07\/TOTTO_GINEBRA__model.jpg?resize=1536%2C640&amp;ssl=1 1536w, https:\/\/i0.wp.com\/ateneapapeleria.com\/wp-content\/uploads\/2025\/07\/TOTTO_GINEBRA__model.jpg?w=1920&amp;ssl=1 1920w, https:\/\/i0.wp.com\/ateneapapeleria.com\/wp-content\/uploads\/2025\/07\/TOTTO_GINEBRA__model.jpg?w=1600&amp;ssl=1 1600w\" sizes=\"auto, (max-width: 800px) 100vw, 800px\" \/><\/figure>\n<cite>Tambi\u00e9n puedes llevarlos con SISTECR\u00c9DITO. <\/cite><\/blockquote>\n\n\n\n<p>RECIBIMOS TODAS LAS TARJETAS Y PAGOS POR TRANSFERENCIA. <\/p>\n\n\n\n<figure class=\"wp-block-image size-large\"><img data-recalc-dims=\"1\" loading=\"lazy\" decoding=\"async\" width=\"800\" height=\"374\" src=\"https:\/\/i0.wp.com\/ateneapapeleria.com\/wp-content\/uploads\/2024\/03\/Banner-Totto-1.jpg?resize=800%2C374&#038;ssl=1\" alt=\"\" class=\"wp-image-2979\" srcset=\"https:\/\/i0.wp.com\/ateneapapeleria.com\/wp-content\/uploads\/2024\/03\/Banner-Totto-1.jpg?resize=1024%2C479&amp;ssl=1 1024w, https:\/\/i0.wp.com\/ateneapapeleria.com\/wp-content\/uploads\/2024\/03\/Banner-Totto-1.jpg?resize=300%2C140&amp;ssl=1 300w, https:\/\/i0.wp.com\/ateneapapeleria.com\/wp-content\/uploads\/2024\/03\/Banner-Totto-1.jpg?resize=768%2C359&amp;ssl=1 768w, https:\/\/i0.wp.com\/ateneapapeleria.com\/wp-content\/uploads\/2024\/03\/Banner-Totto-1.jpg?resize=1536%2C718&amp;ssl=1 1536w, https:\/\/i0.wp.com\/ateneapapeleria.com\/wp-content\/uploads\/2024\/03\/Banner-Totto-1.jpg?resize=1320%2C617&amp;ssl=1 1320w, https:\/\/i0.wp.com\/ateneapapeleria.com\/wp-content\/uploads\/2024\/03\/Banner-Totto-1.jpg?resize=600%2C280&amp;ssl=1 600w, https:\/\/i0.wp.com\/ateneapapeleria.com\/wp-content\/uploads\/2024\/03\/Banner-Totto-1.jpg?w=1840&amp;ssl=1 1840w, https:\/\/i0.wp.com\/ateneapapeleria.com\/wp-content\/uploads\/2024\/03\/Banner-Totto-1.jpg?w=1600&amp;ssl=1 1600w\" sizes=\"auto, (max-width: 800px) 100vw, 800px\" \/><\/figure>\n\n\n\n<blockquote class=\"wp-block-quote is-layout-flow wp-block-quote-is-layout-flow\">\n<figure class=\"wp-block-image size-large\"><img data-recalc-dims=\"1\" loading=\"lazy\" decoding=\"async\" width=\"800\" height=\"35\" src=\"https:\/\/i0.wp.com\/ateneapapeleria.com\/wp-content\/uploads\/2024\/03\/banner-extra-1.jpg?resize=800%2C35&#038;ssl=1\" alt=\"\" class=\"wp-image-2982\" srcset=\"https:\/\/i0.wp.com\/ateneapapeleria.com\/wp-content\/uploads\/2024\/03\/banner-extra-1.jpg?resize=1024%2C45&amp;ssl=1 1024w, https:\/\/i0.wp.com\/ateneapapeleria.com\/wp-content\/uploads\/2024\/03\/banner-extra-1.jpg?resize=300%2C13&amp;ssl=1 300w, https:\/\/i0.wp.com\/ateneapapeleria.com\/wp-content\/uploads\/2024\/03\/banner-extra-1.jpg?resize=768%2C34&amp;ssl=1 768w, https:\/\/i0.wp.com\/ateneapapeleria.com\/wp-content\/uploads\/2024\/03\/banner-extra-1.jpg?resize=1536%2C67&amp;ssl=1 1536w, https:\/\/i0.wp.com\/ateneapapeleria.com\/wp-content\/uploads\/2024\/03\/banner-extra-1.jpg?resize=2048%2C90&amp;ssl=1 2048w, https:\/\/i0.wp.com\/ateneapapeleria.com\/wp-content\/uploads\/2024\/03\/banner-extra-1.jpg?resize=1320%2C58&amp;ssl=1 1320w, https:\/\/i0.wp.com\/ateneapapeleria.com\/wp-content\/uploads\/2024\/03\/banner-extra-1.jpg?resize=600%2C26&amp;ssl=1 600w, https:\/\/i0.wp.com\/ateneapapeleria.com\/wp-content\/uploads\/2024\/03\/banner-extra-1.jpg?w=1600&amp;ssl=1 1600w, https:\/\/i0.wp.com\/ateneapapeleria.com\/wp-content\/uploads\/2024\/03\/banner-extra-1.jpg?w=2400&amp;ssl=1 2400w\" sizes=\"auto, (max-width: 800px) 100vw, 800px\" \/><\/figure>\n<\/blockquote>\n\n\n\n<p><\/p>\n","protected":false},"excerpt":{"rendered":"<p>ATENEA PAPELER\u00cdA es el distribuidor autorizado de la marac TOTTO para Ginebra Valle. En nuestra sede principal encuentras un completo<\/p>\n","protected":false},"author":1,"featured_media":0,"parent":0,"menu_order":0,"comment_status":"closed","ping_status":"open","template":"","meta":{"colormag_page_layout":"default_layout","footnotes":""},"class_list":["post-2","page","type-page","status-publish","hentry"],"aioseo_notices":[],"jetpack-related-posts":[],"jetpack_sharing_enabled":true,"_links":{"self":[{"href":"https:\/\/ateneapapeleria.com\/index.php\/wp-json\/wp\/v2\/pages\/2","targetHints":{"allow":["GET"]}}],"collection":[{"href":"https:\/\/ateneapapeleria.com\/index.php\/wp-json\/wp\/v2\/pages"}],"about":[{"href":"https:\/\/ateneapapeleria.com\/index.php\/wp-json\/wp\/v2\/types\/page"}],"author":[{"embeddable":true,"href":"https:\/\/ateneapapeleria.com\/index.php\/wp-json\/wp\/v2\/users\/1"}],"replies":[{"embeddable":true,"href":"https:\/\/ateneapapeleria.com\/index.php\/wp-json\/wp\/v2\/comments?post=2"}],"version-history":[{"count":5,"href":"https:\/\/ateneapapeleria.com\/index.php\/wp-json\/wp\/v2\/pages\/2\/revisions"}],"predecessor-version":[{"id":3358,"href":"https:\/\/ateneapapeleria.com\/index.php\/wp-json\/wp\/v2\/pages\/2\/revisions\/3358"}],"wp:attachment":[{"href":"https:\/\/ateneapapeleria.com\/index.php\/wp-json\/wp\/v2\/media?parent=2"}],"curies":[{"name":"wp","href":"https:\/\/api.w.org\/{rel}","templated":true}]}}